
True
Is 72801716 a multiple of 46?
True
Does 146 divide 41777178?
False
Is 120 a factor of 960430384?
False
Is 661388046 a multiple of 138?
True
Is 44 a factor of 22782100?
True
Is 178546756 a multiple of 244?
True
Is 9842475 a multiple of 1469?
False
Is 361797280 a multiple of 3224?
True
Does 754 divide 619535472?
False
Is 149 a factor of 2870324246?
False
Is 1553 a factor of 465517962?
True
Does 33 divide 84617775?
True
Is 65 a factor of 16124269?
False
Does 10 divide 2622260867?
False
Is 2918798 a multiple of 771?
False
Does 1433 divide 87393344?
False
Is 142347490 a multiple of 82?
True
Is 921291200 a multiple of 34?
True
Is 86675388 a multiple of 4?
True
Is 6308190 a multiple of 570?
True
Is 44 a factor of 75914516?
False
Does 38 divide 20816408?
False
Is 59 a factor of 30272369?
True
Is 1889545484 a multiple of 171?
False
Is 290 a factor of 4953554670?
True
Is 150658090 a multiple of 1486?
False
Does 632 divide 1090104793?
False
Does 696 divide 408619571?
False
Does 5 divide 11673670?
True
Does 94 divide 1036391611?
False
Is 27 a factor of 74633346?
True
Is 149016500 a multiple of 50?
True
Is 8 a factor of 369793938?
False
Is 211 a factor of 47146895?
True
Is 2558754812 a multiple of 556?
True
Is 24409818 a multiple of 457?
False
Is 38 a factor of 150248884?
True
Is 144299507 a multiple of 4?
False
Does 92 divide 885326850?
False
Is 50432213 a multiple of 16?
False
Does 7 divide 8051725?
False
Does 1504 divide 1283018785?
False
Is 27 a factor of 940105736?
False
Is 1919457566 a multiple of 694?
True
Does 4 divide 18173684?
True
Does 161 divide 2621161?
False
Is 62694927 a multiple of 19?
True
Is 13 a factor of 56646226?
True
Is 764 a factor of 1494324590?
False
Is 49 a factor of 89105226?
True
Is 297495236 a multiple of 262?
True
Is 34950240 a multiple of 114?
False
Does 1869 divide 260577411?
False
Is 315264456 a multiple of 156?
True
Is 2747 a factor of 29733528?
True
Is 162452565 a multiple of 9?
True
Is 1518618075 a multiple of 83?
False
Is 120 a factor of 11051922?
False
Is 49 a factor of 33550165?
False
Does 686 divide 58767340?
False
Does 13 divide 6527268?
False
Does 5 divide 105058400?
True
Is 57499662 a multiple of 38?
True
Is 312 a factor of 65076562?
False
Does 303 divide 19624704?
True
Does 1331 divide 691993555?
True
Is 1426 a factor of 21827782?
True
Does 789 divide 798987162?
True
Is 309086704 a multiple of 28?
False
Does 6 divide 524928?
True
Is 3817965 a multiple of 1795?
True
Does 50 divide 28691056?
False
Is 8476479 a multiple of 3?
True
Is 65775640 a multiple of 907?
True
Does 329 divide 246605359?
False
Is 1985 a factor of 177797082?
False
Is 9209393 a multiple of 2?
False
Is 32334694 a multiple of 133?
True
Is 220170816 a multiple of 32?
True
Does 30 divide 196880319?
False
Is 873 a factor of 1637360388?
True
Does 12 divide 30481236?
True
Does 4 divide 2704869?
False
Is 929579918 a multiple of 79?
False
Is 1829483904 a multiple of 192?
True
Is 77292068 a multiple of 2534?
True
Is 10898837 a multiple of 7?
False
Does 162 divide 134032991?
False
Is 4940491891 a multiple of 13?
False
Is 290629138 a multiple of 64?
False
Is 55 a factor of 564204685?
True
Does 149 divide 132936608?
True
Does 245 divide 7257390?
True
Does 21 divide 15897820?
False
Does 1387 divide 93316319?
False
Is 39 a factor of 463820756?
False
Is 790 a factor of 231036207?
False
Is 2893313 a multiple of 2?
False
Is 181731382 a multiple of 115?
False
Does 58 divide 71641832?
True
Is 18 a factor of 180282816?
True
Is 6 a factor of 43061107?
False
Is 13618051 a multiple of 48?
False
Is 1065 a factor of 8194416?
False
Does 3072 divide 13126656?
True
Is 391835584 a multiple of 16?
True
Is 621 a factor of 189174609?
True
Is 319808280 a multiple of 44?
True
Is 24090800 a multiple of 50?
True
Does 20 divide 36794780?
True
Is 383 a factor of 125962189?
True
Does 10 divide 5108500?
True
Is 34 a factor of 40128908?
True
Is 591046409 a multiple of 4?
False
Is 187 a factor of 7027750?
False
Is 58611720 a multiple of 3516?
True
Does 111 divide 241520349?
True
Is 20 a factor of 4855125?
False
Is 487 a factor of 396072230?
True
Is 171 a factor of 44011980?
True
Does 93 divide 97863993?
True
Does 19 divide 23772878?
False
Is 769 a factor of 35282511?
False
Is 29388061 a multiple of 399?
False
Is 25133034 a multiple of 24?
False
Is 22659870 a multiple of 10?
True
Does 577 divide 23973773?
True
Is 2550 a factor of 481345932?
False
Does 473 divide 54706707?
True
Is 3171929333 a multiple of 1280?
False
Does 3634 divide 126412324?
True
Is 9 a factor of 75384504?
True
Is 21471445 a multiple of 151?
True
Does 26 divide 89243419?
False
Is 15 a factor of 203366505?
True
Is 35493353 a multiple of 17?
False
Does 7 divide 4678342?
False
Does 217 divide 125279959?
True
Is 231312044 a multiple of 772?
True
Does 24 divide 966456?
True
Is 11479520 a multiple of 8?
True
Does 1157 divide 34027370?
True
Is 50 a factor of 499674050?
True
Is 144 a factor of 279087401?
False
Does 188 divide 688109551?
False
Does 52 divide 452392778?
False
Is 155 a factor of 271443285?
True
Is 689313483 a multiple of 171?
True
Is 11 a factor of 4627060?
False
Is 649 a factor of 1423782690?
True
Does 123 divide 56619237?
True
Does 58 divide 94865668?
False
Does 15 divide 71017935?
True
Does 401 divide 458620629?
False
Is 691 a factor of 124643694?
False
Is 34 a factor of 264149198?
False
Is 30 a factor of 1092899?
False
Does 1906 divide 57800636?
False
Is 5995 a factor of 528159500?
True
Is 33 a factor of 27508140?
True
Does 11 divide 1183888609?
False
Is 21 a factor of 61136649?
True
Is 456256039 a multiple of 177?
False
Is 41 a factor of 90140058?
True
Is 4338 a factor of 6926137560?
True
Is 26 a factor of 154780496?
True
Does 572 divide 15574830?
False
Is 21222882 a multiple of 4334?
False
Is 8 a factor of 176796520?
True
Is 457 a factor of 343754610?
False
Is 1207107483 a multiple of 9025?
False
Is 15 a factor of 38592645?
True
Is 689825326 a multiple of 535?
False
Is 2006 a factor of 72109102?
False
Does 3711 divide 3119663283?
True
Is 15 a factor of 224277706?
False
Is 4 a factor of 23753548?
True
Is 313 a factor of 550529440?
True
Is 1537137340 a multiple of 1348?
False
Is 349947341 a multiple of 479?
True
Does 12 divide 722655936?
True
Is 2 a factor of 26228347?
False
Is 4023 a factor of 227443402?
False
Is 768 a factor of 89008128?
True
Does 960 divide 153728640?
True
Is 27777099 a multiple of 21?
True
Is 30741819 a multiple of 25?
False
Is 1191591 a multiple of 27?
True
Does 26 divide 6889672?
False
Is 10 a factor of 16590890?
True
Is 36 a factor of 133166412?
True
Does 1165 divide 439475280?
True
Does 1235 divide 147535738?
False
Is 125380920 a multiple of 1790?
False
Does 78 divide 66647334?
True
Does 300 divide 56871463?
False
Does 8 divide 303671312?
True
Does 354 divide 86626662?
False
Is 2357368611 a multiple of 354?
False
Is 33101278 a multiple of 2?
True
Is 59 a factor of 18034530?
True
Does 25 divide 18244325?
True
Is 3151 a factor of 67018619?
True
Is 103430625 a multiple of 1875?
True
Is 126448235 a multiple of 207?
False
Is 2753 a factor of 326076332?
True
Is 3767884416 a multiple of 12?
True
Is 2193 a factor of 60291829?
False
Does 4 divide 33335792?
True
Is 273592280 a multiple of 524?
False
Does 1409 divide 76097736?
False
Is 3139 a factor of 728109884?
True
Is 1284 a factor of 113746312?
False
Is 596190192 a multiple of 1586?
False
Is 10 a factor of 91416570?
True
Is 87931390 a multiple of 346?
False
Is 30394350 a multiple of 86?
False
Does 9 divide 864634858?
False
Does 61 divide 33041016?
True
Is 166 a factor of 871213152?
True
Is 63399664 a multiple of 491?
False
Is 15 a factor of 14192276?
False
Is 34772405 a multiple of 2?
False
Does 9 divide 21525126?
False
Is 38617677 a multiple of 31?
False
Does 103 divide 67136739?
True
Is 63032032 a multiple of 199?
False
Does 101 divide 310201553?
False
Does 4308 divide 37960768?
False
Is 17375267 a multiple of 91?
True
Does 2917 divide 1030249780?
False
Is 133 a factor of 76776777?
True
Is 73435680 a multiple of 356?
True
Is 16 a factor of 3487360?
True
Does 335 divide 12811070?
True
Does 45 divide 5343871347?
False
Does 212 divide 683416683?
False
Is 1360521442 a multiple of 6?
False
Does 1559 divide 1615669650?
True
Is 134713600